{"id":441,"date":"2020-02-16T13:04:32","date_gmt":"2020-02-16T16:04:32","guid":{"rendered":"http:\/\/nacionalacessibilidade.com\/s\/?post_type=product&#038;p=441"},"modified":"2021-11-11T17:13:53","modified_gmt":"2021-11-11T20:13:53","slug":"batente-de-elevador","status":"publish","type":"product","link":"https:\/\/nacionalacessibilidade.com\/s\/product\/batente-de-elevador\/","title":{"rendered":"Batente de Elevador"},"content":{"rendered":"","protected":false},"excerpt":{"rendered":"<p>Utilizados para identifica\u00e7\u00e3o de andares em pr\u00e9dios.<\/p>\n","protected":false},"featured_media":442,"template":"","meta":[],"class_list":{"0":"post-441","1":"product","2":"type-product","3":"status-publish","4":"has-post-thumbnail","6":"product_cat-area-interna","7":"product_cat-todos","9":"first","10":"instock","11":"shipping-taxable","12":"purchasable","13":"product-type-simple"},"_links":{"self":[{"href":"https:\/\/nacionalacessibilidade.com\/s\/wp-json\/wp\/v2\/product\/441","targetHints":{"allow":["GET"]}}],"collection":[{"href":"https:\/\/nacionalacessibilidade.com\/s\/wp-json\/wp\/v2\/product"}],"about":[{"href":"https:\/\/nacionalacessibilidade.com\/s\/wp-json\/wp\/v2\/types\/product"}],"wp:featuredmedia":[{"embeddable":true,"href":"https:\/\/nacionalacessibilidade.com\/s\/wp-json\/wp\/v2\/media\/442"}],"wp:attachment":[{"href":"https:\/\/nacionalacessibilidade.com\/s\/wp-json\/wp\/v2\/media?parent=441"}],"curies":[{"name":"wp","href":"https:\/\/api.w.org\/{rel}","templated":true}]}}