{"id":306,"date":"2020-01-05T16:54:04","date_gmt":"2020-01-05T19:54:04","guid":{"rendered":"http:\/\/nacionalacessibilidade.com\/s\/?page_id=306"},"modified":"2025-05-28T12:28:55","modified_gmt":"2025-05-28T15:28:55","slug":"diagnostico-tecnico","status":"publish","type":"page","link":"https:\/\/nacionalacessibilidade.com\/s\/servicos\/diagnostico-tecnico\/","title":{"rendered":"Diagn\u00f3stico t\u00e9cnico"},"content":{"rendered":"\n<div class=\"wp-block-media-text alignwide\"><figure class=\"wp-block-media-text__media\"><img loading=\"lazy\" decoding=\"async\" width=\"600\" height=\"343\" src=\"http:\/\/nacionalacessibilidade.com\/s\/wp-content\/uploads\/2020\/01\/medium_16c44307-5274-4e0f-b7ae-78fe887e23c9.png\" alt=\"\" class=\"wp-image-314 size-full\" srcset=\"https:\/\/nacionalacessibilidade.com\/s\/wp-content\/uploads\/2020\/01\/medium_16c44307-5274-4e0f-b7ae-78fe887e23c9.png 600w, https:\/\/nacionalacessibilidade.com\/s\/wp-content\/uploads\/2020\/01\/medium_16c44307-5274-4e0f-b7ae-78fe887e23c9-300x172.png 300w\" sizes=\"auto, (max-width: 600px) 100vw, 600px\" \/><\/figure><div class=\"wp-block-media-text__content\">\n<p class=\"has-text-align-right has-normal-font-size\"> A Nacional Acessibilidade conta com uma equipe t\u00e9cnica e especializada, que atrav\u00e9s de um processo anal\u00edtico estudamos as edifica\u00e7\u00f5es e apresentamos um diagn\u00f3stico da atual situa\u00e7\u00e3o da mesma de acordo com a NBR9050 e o desenho nacional de acessibilidade.&nbsp; <\/p>\n<\/div><\/div>\n\n\n\n<p><\/p>\n\n\n\n<div class=\"wp-block-button aligncenter\"><a class=\"wp-block-button__link has-background wp-element-button\" href=\"https:\/\/api.whatsapp.com\/send\/?phone=5547997726568&amp;text&amp;type=phone_number&amp;app_absent=0\" style=\"background-color:#428526\">Solicitar Or\u00e7amento<\/a><\/div>\n\n\n\n<p><\/p>\n","protected":false},"excerpt":{"rendered":"<p>A Nacional Acessibilidade conta com uma equipe t\u00e9cnica e especializada, que atrav\u00e9s de um processo anal\u00edtico estudamos as edifica\u00e7\u00f5es e apresentamos um diagn\u00f3stico da atual situa\u00e7\u00e3o da mesma de acordo com a NBR9050 e o desenho nacional de acessibilidade.&nbsp;<\/p>\n","protected":false},"author":1,"featured_media":0,"parent":281,"menu_order":0,"comment_status":"closed","ping_status":"closed","template":"","meta":{"footnotes":""},"class_list":["post-306","page","type-page","status-publish","hentry"],"_links":{"self":[{"href":"https:\/\/nacionalacessibilidade.com\/s\/wp-json\/wp\/v2\/pages\/306","targetHints":{"allow":["GET"]}}],"collection":[{"href":"https:\/\/nacionalacessibilidade.com\/s\/wp-json\/wp\/v2\/pages"}],"about":[{"href":"https:\/\/nacionalacessibilidade.com\/s\/wp-json\/wp\/v2\/types\/page"}],"author":[{"embeddable":true,"href":"https:\/\/nacionalacessibilidade.com\/s\/wp-json\/wp\/v2\/users\/1"}],"replies":[{"embeddable":true,"href":"https:\/\/nacionalacessibilidade.com\/s\/wp-json\/wp\/v2\/comments?post=306"}],"version-history":[{"count":5,"href":"https:\/\/nacionalacessibilidade.com\/s\/wp-json\/wp\/v2\/pages\/306\/revisions"}],"predecessor-version":[{"id":4627,"href":"https:\/\/nacionalacessibilidade.com\/s\/wp-json\/wp\/v2\/pages\/306\/revisions\/4627"}],"up":[{"embeddable":true,"href":"https:\/\/nacionalacessibilidade.com\/s\/wp-json\/wp\/v2\/pages\/281"}],"wp:attachment":[{"href":"https:\/\/nacionalacessibilidade.com\/s\/wp-json\/wp\/v2\/media?parent=306"}],"curies":[{"name":"wp","href":"https:\/\/api.w.org\/{rel}","templated":true}]}}